+ -4)?
-4
(1 - (1 - 4)) + -1 - 1
2
What is the value of -2 - (-2 + 1 + (3 - 4))?
0
What is -5 + 4 + (9 - 3)?
5
(-2 - 1) + 0 + 7 + -2
2
Evaluate -4 + (-2 - -7) - 0.
1
Calculate -1 - ((4 - 0) + -1).
-4
What is the value of 36 - 32 - (-1 - (1 + -1))?
5
What is the value of (17 - (7 + -8)) + -10?
8
-5 + 5 + (6 - 8)
-2
6 - 6 - (2 + (0 - -3))
-5
2 + (5 - 8 - -2 - 4)
-3
What is the value of (-32 - -38) + (-1 - 3)?
2
Evaluate (-21 - -16) + 1 + 0 + 1.
-3
What is the value of (-10 - -10) + (-2 - 7) - -6?
-3
(-29 - -24) + (-1 - -8)
2
8 + 1 + -3 - 10
-4
Evaluate 0 + 1 + 2 - 0.
3
What is -1 - (2 + -6 + 1 - 4)?
6
Evaluate 24 - 25 - (-2 + (7 - 0)).
-6
What is 12 + -10 - 1 - 7?
-6
What is the value of -2 + (-8 - (6 + -12))?
-4
(-22 - -6) + 5 - -6 - -6
1
Calculate -12 + 16 + (2 - 9).
-3
What is -13 - (11 + -25 + 1)?
0
What is the value of 9 + 9 + -17 + 4?
5
0 + (3 - (2 - -1))
0
Evaluate -9 - (2 + -23 + 8).
4
4 + (1 - -2) + (14 - 21)
0
What is the value of -6 + (7 - (12 + -6))?
-5
Evaluate 6 - ((0 - 0) + -18 + 18).
6
What is the value of (5 - 3) + (-4 - 0) + 7?
5
What is the value of 5 - (-17 - -10 - -15)?
-3
Evaluate 5 - (3 - 5 - -3).
4
Calculate -6 + -2 + 15 + -17.
-10
What is the value of -3 + -3 + 0 + 1?
-5
Calculate -4 + (-2 - (2 - 3)) + 0.
-5
What is the value of 0 + (1 - -1) + (-1 - -2)?
3
1 + -8 - (-3 - 7) - 0
3
Evaluate -5 - (7 + -7 + -2 + -3).
0
What is 2 + -3 + (16 - 9) + -9?
-3
What is the value of 10 + 0 + -19 - -9?
0
Calculate 11 + 8 + (-10 - 9).
0
What is the value of 5 - (12 - (-5 - -13))?
1
What is the value of -13 - -15 - (0 - -3 - 0)?
-1
4 - -3 - (3 - -2)
2
Evaluate (-10 - -1) + -37 + 44.
-2
What is the value of (-5 - -1) + 2 - -7 - 1?
4
What is the value of (2 + -5 - -2) + -1 - 4?
-6
Evaluate 2 + -4 - (-1 - 0).
-1
What is the value of -1 + 7 + -4 + 4 + -3?
3
Evaluate 2 - ((-3 - 1) + (3 - 1)).
4
Calculate 0 + 0 + (46 - 45) + -1.
0
Evaluate 1 + 0 - (1 + 21 - 25).
4
Calculate 4 + (1 - 2) + -5 - -4.
2
-4 - (-1 + -1) - -3
1
What is the value of 6 + -9 - (-3 - (-1 - 1))?
-2
What is the value of (1 - (-5 + 1 - -1)) + 0?
4
-2 + 0 + -8 + 5
-5
What is 5 + 3 + (7 - 14)?
1
Calculate -1 + (-3 - -1) + 5 + -1.
1
(-15 - -10) + 17 + -10
2
Calculate -9 - (-9 + 3 + 1).
-4
Calculate (2 - 1) + 0 + 4.
5
Evaluate (1 - 5) + -2 + 6.
0
2 + 4 + (10 - 10)
6
-1 + (5 - -1) + (5 - 1)
9
What is ((4 - 5) + 3 - -3) + -2?
3
Calculate 1 + -3 - (-5 - -4 - 4).
3
Calculate (0 - -2) + (2 - 0).
4
Evaluate 1 + 0 - (53 - 46).
-6
Evaluate 4 - (-1 + -2 + (8 - 7)).
6
0 + 2 + -1 + -4 + 5
2
Evaluate (1 - (-9 - -8)) + -5 + -3.
-6
Evaluate -4 + -1 + (-22 - -24).
-3
(14 - 17) + (-2 - -1) + 1
-3
Evaluate 1 + 2 - (2 + -4 + 2).
3
-10 - (5 - (6 + 2))
-7
Evaluate -3 + -1 + -2 + -1 + 5.
-2
Evaluate -3 + (3 - (0 - -4)) + 5.
1
Evaluate (-3 - -1) + (-2 - -5 - -1).
2
What is the value of (5 - 1) + -2 + -1 + 3?
4
What is -3 + (-1 - 1) + (1 - -1)?
-3
What is (7 - 7) + 2 + -15 + 6?
-7
-195 + 195 - (-2 + 0)
2
What is (-2 - 0) + 7 + -1 + 1?
5
What is (-13 - 3) + 8 + 4 + -6?
-10
(0 + -6 + 0 - -6) + 0
0
Calculate (11 + -5 - 0) + -2.
4
Calculate (-4 - -1) + (1 - -1).
-1
What is 5 + -4 - (29 + -22)?
-6
What is the value of 5 - (1 + 9) - (0 + 5)?
-10
Calculate -8 - (0 + 0 - 4).
-4
What is the value of 2 + (-4 + (1 - 1) - -2)?
0
Evaluate (-2 - (-5 + -2 - -13)) + 3.
-5
Evaluate -3 + 0 - (-10 - (2 - 10)).
-1
What is 11 - 5 - (14 + -6 - -4)?
-6
-11 - -13 - (1 + -3)
4
Calculate 2 - (-4 - (-2 + -7 - -3)).
0
What is 0 - (3 + (-4 - -6))?
-5
3 + -3 + 3 + -2 + 0
1
What is the value of 12 + -16 - (5 - 4)?
-5
What is the value of 4 + -2 + 2 + -1 - 1?
2
Evaluate 2 - (-2 + 2 + 0).
2
What is the value of (7 - 1 - 3) + -4?
-1
Calculate 19 + -23 - (0 + -6 - 0).
2
Evaluate -6 - (0 + -5 + (-27 - -28)).
-2
Evaluate 3 - (-2 - (3 + -5)).
3
What is (-6 - (-9 - -8)) + 9?
4
(-5 - (-6 + 5) - -4) + 3
3
What is 5 + -4 - (-2 + -3 + 2)?
4
What is (2 - (13 - 12)) + -1?
0
What is 4 + (0 - 2) + 6 - 5?
3
Calculate 1 + 1 - (-14 - -9) - 13.
-6
What is -17 + 6 - -7 - (-1 + -1)?
-2
Calculate -2 + -3 + 5 - 4.
-4
-7 + 4 - (0 + -1 + -3)
1
What is the value of 9 + (-1 - -10 - 12)?
6
2 - (-1 + (-2 - (1 + -4)))
2
(1 - 1) + 5 + -14 + 6
-3
Evaluate 5 + -14 + 0 + 8.
-1
What is (2 - (1 + 1 + -3)) + 0?
3
What is the value of 4 - -2 - (1 + 9)?
-4
Evaluate (-4 - 9 - -21) + -4.
4
(-5 - (-3 - -3)) + 0
-5
Calculate 6 - (-1 + 9 + -5) - 0.
3
What is the value of (0 + -1 + -1 - -4) + -5?
-3
Calculate (-2 - 5) + (9 - 5).
-3
What is 11 - (-4 + 13 - -4)?
-2
Calculate 1 + -4 - (-2 + -8).
7
Evaluate -6 - (-3 + (5 - 7)).
-1
Calculate 3 - -8 - (38 - 27).
0
What is (1 - 9) + (12 - (-8 - -14))?
-2
What is the value of -34 + 27 - (-2 - (2 - 2))?
-5
What is the value of 0 + 1 - (-8 - -9)?
0
2 - (-2 - -3 - 5)
6
-2 + (9 - 9) - 0
-2
What is the value of -2 - (0 - (11 + -4))?
5
What is the value of -5 - (19 - 14 - (0 - -15))?
5
Evaluate 2 - (1 + -2 - (18 + -21)).
0
3 - (0 - (-1 - 2))
0
Evaluate 7 - (-1 + 1 + (-1 - -5)).
3
-7 + (-7 - (6 - 15))
-5
What is -10 + (-10 - -12 - (-1 + -1))?
-6
What is the value of 6 + -6 + 5 + (-5 - 6)?
-6
What is 5 + -1 - ((-5 - -5) + 7)?
-3
2 + 4 - 17 - -8
-3
Evaluate 2 - 1 - (-5 + 14 - 3).
-5
-3 + -4 + -10 + 7
-10
Evaluate -6 + (-1 - (-16 - -3)) + -5.
1
Calculate 44 - 42 - (-4 - 2 - -1).
7
Calculate -2 - -1 - 3 - -3.
-1
What is (3 - (7 + -1)) + 6?
3
Calculate -2 + (3 - 0) + -2 - 3.
-4
What is the value of 0 + 2 + -1 - 5 - 1?
-5
What is 0 - -3 - (0 + 2)?
1
Calculate -3 - (2 + (7 - 6)).
-6
Evaluate 0 + 6 - (2 - -1).
3
Evaluate -2 + 3 + 2 - 1.
2
What is the value of -4 - ((-4 - -1) + 1)?
-2
Evaluate (19 + (-8 - -3) - 7) + 2.
9
1 - (-1 + 0 - (27 + -25))
4
-8 - ((3 - (3 + -2)) + -5)
-5
Evaluate 8 - 2 - (13 + -9).
2
Calculate 1 + -1 - (-29 + 32).
-3
What is the value of 2 + -1 + (5 - 9)?
-3
-29 - -33 - (7 - -1 - 1)
-3
Calculate 1 + 1 + (15 - 12).
5
What is the value of -1 + 7 - (-27 + 43) - -3?
-7
What is the value of (0 - 5) + (10 - 0)?
5
-173 - -173 - ((1 - 3) + 1)
1
What is (3 - 5 - -1) + (1 - -1)?
1
What is 29 + -24 - (4 - 1)?
2
What is the value of (-3 - 0 - (-3 + -2)) + -3?
-1
What is -12 + 21 + -2 + -8?
-1
What is (-3 - (-8 - (-4 + 0))) + 1?
2
Evaluate (-6 - (11 + -31)) + -8.
6
Evaluate 6 - (4 + -3 + -13 - -8).
10
Calculate (5 - 10 - (3 - 7)) + -1.
-2
12 - 13 - (0 + -4)
3
What is (-4 - (-1 + -4)) + 2 + -5?
-2
What is the value of -6 + 9 + -10 + 1?
-6
Calculate 2 + (2 - 0) - 2 - 0.
2
-2 + -4 + -3 + 7
-2
Evaluate 7 + (-4 - -2) + -8.
-3
Calculate 5 + 1 + -7 + 3 + 4.
6
What is the value of (3 + -1 - (17 - 17)) + -6?
-4
Calculate -6 + 1 + (-7 - -10).
-2
What is (2 - (-1 + 0)) + 2?
5
5 + 2 - 9 - -5
3
Calculate -1 + (-1 - -2) + 5 - 5.
0
Evaluate 0 + -1 + 1 + (-1 - 3).
-4
Calculate (-3 + 6 - -2 - 0) + -7.
-2
Calculate (1 - 0) + (5 - 4) + 3.
5
Calculate -6 + (10 - 0) - 9.
-5
What is 3 + -1 + (-2 - (9 + -13))?
4
Calculate (-4 + 1 + 5 - 6) + 1.
-3
What is the value of 4 + -2 - (-2 - -1 - -1)?
2
What is the value of 4 + -3 + (11 - (1 - -4))?
7
What is -23 + 5 - -13 - (-9 - 1)?
5
What is the value of (-4 - -10) + -13 - -12?
5
What is the value of -7 + 3 + 1 + 1 - -1?
-1
What is the value of 6 + (-4 - (8 + -3))?
-3
Calculate (4 - (-1 + -1)) + -15 - -5.
-4
(11 - 13 - (0 - -2)) + 3
-1
39 + -36 - (-7 + -2 - -1)
11
-5 + 2 - ((6 - -5) + -6)
-8
Calculate 12 - 10 - ((-1 - -1) + 2).
0
What is 4 - -3 - (2 - -3) - 2?
0
Evaluate 7 - (7 + -5 + -4) - 0.
9
What is the value of 2 - ((-8 + -1 - -3) + 3)?
5
Calculate -1 - ((-1 - -5) + -7 - -2).
0
What is the value of 3 + -1 - (-2 + 0 + -1)?
5
What is 6 + (7 - (-6 + 16))?
3
Evaluate 1 + (1 - (2 - 3)).
3
Calculate 8 - -1 - (36 + -26).
-1
Calculate 16 + -28 - (-6 + 1).
-7
Evaluate -10 + 9 + 9 - -2.
10
Calculate 9 + 1 + (8 - 26).
-8
7 - (-2 - -6) - 3
0
What is the value of (-5 - 6 - -11) + (4 - -1)?
5
What is the value of 16 + (-33 - -10 - -11)?
4
Evaluate -11 + 10 + (7 - 4).
2
Evaluate -3 - (-5 - (-5 + 5)).
2
Calculate -1 - (3 - 11 - -5).
2
Calculate 1 + (-5 - -6) - (5 + 1).
-4
What is the value of 1 - (-2 + 6) - (0 - -1)?
-4
What is 1 + -3 + 4 + (-4 - 0)?
-2
What is the value of (5 - (3 + 4)) + (1 - 0)?
-1
Evaluate -3 + 4 + (-3 - 2).
-4
What is 3 + (-1 - -3) + -10 + 1?
-4
-33 + 32 + -2 + 2 + -2
-3
-7 - ((-7 - -5) + -5 + -7)
7
(-2 - -3 - 6) + 6
1
Evaluate -5 - (-5 - 6) - (5 + -4).
5
Calculate 2 - 1 - (15 + -17).
3
Calculate -2 + 